{"id":2572,"date":"2017-01-12T19:49:18","date_gmt":"2017-01-12T19:49:18","guid":{"rendered":"http:\/\/efus.eu\/efusconference2021\/about-the-conference\/"},"modified":"2021-10-25T09:02:20","modified_gmt":"2021-10-25T09:02:20","slug":"about-the-conference","status":"publish","type":"page","link":"https:\/\/efus.eu\/efusconference2021\/about-the-conference\/?lang=fr","title":{"rendered":"\u00c0 propos"},"content":{"rendered":"<div class=\"wpb-content-wrapper\">[vc_row full_width=&#8221;stretch_row&#8221; css=&#8221;.vc_custom_1634722428045{background-color: #ffffff !important;}&#8221; el_class=&#8221;top blanc&#8221;][vc_column][vc_row_inner][vc_column_inner][vc_text_separator title=&#8221;Communiqu\u00e9s de presse&#8221; css=&#8221;.vc_custom_1635152033932{background-color: #303b7e !important;}&#8221;][vc_column_text]\n<ul>\n<li><span id=\"page84R_mcid8\" class=\"markedContent\" style=\"color: #000080;\"><span dir=\"ltr\" role=\"presentation\">Les \u00e9lus de 250 villes et r\u00e9gions europ\u00e9ennes appellent les institutions de <\/span><span dir=\"ltr\" role=\"presentation\">l\u2019Union europ\u00e9enne \u00e0 soutenir davantage les collectivit\u00e9s<br \/>\n22\/10\/2021 &#8211; <a href=\"https:\/\/efus.eu\/efusconference2021\/wp-content\/uploads\/sites\/11\/2021\/10\/CP-conference-Efus-FR.pdf\"><strong><em>lire le communiqu\u00e9<\/em><\/strong><\/a><\/span><\/span><\/li>\n<\/ul>\n[\/vc_column_text][vc_empty_space height=&#8221;20px&#8221;][vc_column_text]\n<ul>\n<li><span style=\"color: #000080;\"><span dir=\"ltr\" role=\"presentation\">250 villes et r\u00e9gions europ\u00e9ennes se r\u00e9unissent \u00e0 Nice du 20 au 22 <\/span><span dir=\"ltr\" role=\"presentation\">octobre 2021 pour se mobiliser en faveur d&#8217;une s\u00e9curit\u00e9 urbaine <\/span><span dir=\"ltr\" role=\"presentation\">renforc\u00e9e, inclusive et durable.<br \/>\n27\/09\/2021 &#8211; <a href=\"https:\/\/efus.eu\/efusconference2021\/wp-content\/uploads\/sites\/11\/2021\/10\/CP-conference-Efus-FR.pdf\"><strong><em>lire le communiqu\u00e9<\/em><\/strong><\/a><\/span><\/span><\/li>\n<\/ul>\n[\/vc_column_text][\/vc_column_inner][\/vc_row_inner][\/vc_column][\/vc_row][vc_row][vc_column][vc_text_separator title=&#8221;Les derni\u00e8res \u00e9ditions&#8221;][vc_video link=&#8221;https:\/\/youtu.be\/8BevqnVrp3A&#8221; el_width=&#8221;70&#8243; align=&#8221;center&#8221;][vc_video link=&#8221;https:\/\/youtu.be\/e-G1zR7ABds&#8221; el_width=&#8221;70&#8243; align=&#8221;center&#8221;][vc_video link=&#8221;https:\/\/youtu.be\/y9ICDqvMQsM&#8221; el_width=&#8221;70&#8243; align=&#8221;center&#8221;][vc_video link=&#8221;https:\/\/youtu.be\/CDNwTjGYM4Q&#8221; el_width=&#8221;70&#8243; align=&#8221;center&#8221;][vc_video link=&#8221;https:\/\/www.youtube.com\/watch?v=nRPzOmNMKEs&#8221; el_width=&#8221;70&#8243; align=&#8221;center&#8221;][vc_empty_space height=&#8221;40&#8243;][\/vc_column][\/vc_row][vc_row][vc_column][vc_text_separator title=&#8221;Le Manifeste&#8221;][vc_row_inner][vc_column_inner][vc_column_text]Les derni\u00e8res conf\u00e9rences ont donn\u00e9 lieu \u00e0 l\u2019adoption d\u2019un Manifeste, projet politique commun \u00e9labor\u00e9 par les participants. Six manifestes <em>S\u00e9curit\u00e9, D\u00e9mocratie et Villes<\/em> ont \u00e9t\u00e9 adopt\u00e9s lors des pr\u00e9c\u00e9dentes conf\u00e9rences internationales de l\u2019Efus \u00e0 Montr\u00e9al (1989), Paris (1991), Naples (2000), Saragosse (2006), Aubervilliers &amp; Saint-Denis (2012) et <a href=\"https:\/\/issuu.com\/efus\/docs\/manifeste-vfr-web\" target=\"_blank\" rel=\"noopener\">Barcelone (2017)<\/a>.<\/p>\n<p>Pour en savoir plus sur son processus d\u2019\u00e9laboration, nous vous invitons \u00e0 regarder l\u2019infographie anim\u00e9e ci-dessous :[\/vc_column_text][\/vc_column_inner][\/vc_row_inner][vc_video link=&#8221;https:\/\/www.youtube.com\/watch?v=bGtF5z0gQrk&#8221; el_width=&#8221;70&#8243; align=&#8221;center&#8221;][vc_empty_space height=&#8221;40&#8243;][\/vc_column][\/vc_row][vc_row][vc_column][vc_text_separator title=&#8221;Organisateurs&#8221;][\/vc_column][\/vc_row][vc_row][vc_column width=&#8221;1\/2&#8243;][vc_empty_space height=&#8221;40px&#8221;][vc_empty_space height=&#8221;40px&#8221;][vc_single_image image=&#8221;4561&#8243; img_size=&#8221;medium&#8221; alignment=&#8221;center&#8221; onclick=&#8221;custom_link&#8221; link=&#8221;http:\/\/www.nice.fr\/fr\/contact\/&#8221;][\/vc_column][vc_column width=&#8221;1\/2&#8243;][vc_single_image image=&#8221;2465&#8243; img_size=&#8221;medium&#8221; alignment=&#8221;center&#8221; onclick=&#8221;custom_link&#8221; link=&#8221;http:\/\/efus.eu\/fr&#8221;][\/vc_column][\/vc_row][vc_row][vc_column width=&#8221;1\/2&#8243;][vc_column_text]\n<p style=\"text-align: center;\"><b>Ville de Nice<\/b><\/p>\n<p style=\"text-align: justify;\">Nice est une commune du sud-est de la France, pr\u00e9fecture du d\u00e9partement des Alpes-Maritimes et deuxi\u00e8me ville de la r\u00e9gion Provence-Alpes-C\u00f4te d&#8217;Azur derri\u00e8re Marseille. Situ\u00e9e \u00e0 l&#8217;extr\u00eame sud-est de la France, \u00e0 une trentaine de kilom\u00e8tres de la fronti\u00e8re franco-italienne, elle est implant\u00e9e sur les bords de la M\u00e9diterran\u00e9e.<\/p>\n<p style=\"text-align: justify;\">Avec 342 637 habitants au dernier recensement de 2016, elle est la cinqui\u00e8me commune de France en population.<\/p>\n<p style=\"text-align: justify;\">Elle est situ\u00e9e au c\u0153ur de la septi\u00e8me agglom\u00e9ration fran\u00e7aise, avec 1 004 914 habitants en 2012. La ville est le centre de la M\u00e9tropole, Nice C\u00f4te d&#8217;Azur, qui regroupe quarante-neuf communes et 536 327 habitants.<\/p>\n<p><strong><a class=\"result-url js-result-url\" href=\"http:\/\/www.nice.fr\/fr\/\">www.nice.fr<\/a><\/strong>[\/vc_column_text][\/vc_column][vc_column width=&#8221;1\/2&#8243;][vc_column_text]\n<p style=\"text-align: center;\"><b>Forum europ\u00e9en pour la s\u00e9curit\u00e9 urbaine<\/b><\/p>\n<p style=\"text-align: justify;\"><span style=\"font-weight: 400;\">Cr\u00e9\u00e9 en 1987, le Forum europ\u00e9en pour la s\u00e9curit\u00e9 urbaine (Efus) est le seul r\u00e9seau europ\u00e9en de collectivit\u00e9s territoriales consacr\u00e9 \u00e0 la s\u00e9curit\u00e9 urbaine. <\/span><\/p>\n<p style=\"text-align: justify;\"><span style=\"font-weight: 400;\">Il rassemble pr\u00e8s de 250 villes et r\u00e9gions de 15 pays dans l\u2019objectif de :<br \/>\n<\/span><\/p>\n<ul>\n<li style=\"text-align: justify;\"><span style=\"font-weight: 400;\">promouvoir une vision \u00e9quilibr\u00e9e de la s\u00e9curit\u00e9 urbaine, alliant pr\u00e9vention, sanction et coh\u00e9sion sociale ; <\/span><\/li>\n<li style=\"text-align: justify;\"><span style=\"font-weight: 400;\">soutenir les collectivit\u00e9s territoriales dans la conception, le d\u00e9ploiement et l\u2019\u00e9valuation de leur politique locale de s\u00e9curit\u00e9 ; <\/span><\/li>\n<li style=\"text-align: justify;\">Renforcer le r\u00f4le des collectivit\u00e9s territoriales dans la gouvernance nationale et europ\u00e9enne.<\/li>\n<\/ul>\n<p style=\"text-align: justify;\">Fort d\u2019un \u00e9cosyst\u00e8me d\u2019experts issus d\u2019universit\u00e9s, d\u2019institutions et d\u2019ONG, l\u2019Efus travaille sur l\u2019ensemble des th\u00e9matiques li\u00e9es \u00e0 la s\u00e9curit\u00e9 urbaine et \u00e0 la pr\u00e9vention de la d\u00e9linquance. Son expertise et son influence sont reconnues tant au niveau europ\u00e9en qu&#8217;international. <b><a href=\"http:\/\/www.efus.eu\">www.efus.eu<\/a><\/b><\/p>\n[\/vc_column_text][\/vc_column][\/vc_row]\n<\/div>","protected":false},"excerpt":{"rendered":"<p>[vc_row full_width=&#8221;stretch_row&#8221; css=&#8221;.vc_custom_1634722428045{background-color: #ffffff !important;}&#8221; el_class=&#8221;top blanc&#8221;][vc_column][vc_row_inner][vc_column_inner][vc_text_separator title=&#8221;Communiqu\u00e9s de presse&#8221; css=&#8221;.vc_custom_1635152033932{background-color: #303b7e !important;}&#8221;][vc_column_text] Les \u00e9lus de 250 villes et r\u00e9gions europ\u00e9ennes appellent les institutions de l\u2019Union europ\u00e9enne \u00e0 soutenir davantage les collectivit\u00e9s 22\/10\/2021 &#8211; lire le communiqu\u00e9 [\/vc_column_text][vc_empty_space height=&#8221;20px&#8221;][vc_column_text] 250 villes et r\u00e9gions europ\u00e9ennes se r\u00e9unissent \u00e0 Nice du 20 au 22 octobre 2021 pour se mobiliser en faveur d&#8217;une s\u00e9curit\u00e9 urbaine renforc\u00e9e, inclusive et durable. 27\/09\/2021 &#8211; lire le communiqu\u00e9 [\/vc_column_text][\/vc_column_inner][\/vc_row_inner][\/vc_column][\/vc_row][vc_row][vc_column][vc_text_separator title=&#8221;Les derni\u00e8res \u00e9ditions&#8221;][vc_video link=&#8221;https:\/\/youtu.be\/8BevqnVrp3A&#8221; el_width=&#8221;70&#8243; align=&#8221;center&#8221;][vc_video link=&#8221;https:\/\/youtu.be\/e-G1zR7ABds&#8221; el_width=&#8221;70&#8243; align=&#8221;center&#8221;][vc_video link=&#8221;https:\/\/youtu.be\/y9ICDqvMQsM&#8221; el_width=&#8221;70&#8243; align=&#8221;center&#8221;][vc_video link=&#8221;https:\/\/youtu.be\/CDNwTjGYM4Q&#8221; el_width=&#8221;70&#8243; align=&#8221;center&#8221;][vc_video link=&#8221;https:\/\/www.youtube.com\/watch?v=nRPzOmNMKEs&#8221; el_width=&#8221;70&#8243; align=&#8221;center&#8221;][vc_empty_space height=&#8221;40&#8243;][\/vc_column][\/vc_row][vc_row][vc_column][vc_text_separator title=&#8221;Le Manifeste&#8221;][vc_row_inner][vc_column_inner][vc_column_text]Les derni\u00e8res conf\u00e9rences ont donn\u00e9 lieu \u00e0 l\u2019adoption d\u2019un Manifeste, projet politique commun \u00e9labor\u00e9 par les participants. Six manifestes S\u00e9curit\u00e9, D\u00e9mocratie et Villes ont \u00e9t\u00e9 adopt\u00e9s lors des pr\u00e9c\u00e9dentes conf\u00e9rences internationales de l\u2019Efus \u00e0 Montr\u00e9al (1989), Paris (1991), Naples (2000), Saragosse (2006), Aubervilliers &amp; Saint-Denis (2012) et Barcelone (2017). Pour en savoir plus sur son processus d\u2019\u00e9laboration, nous vous invitons \u00e0 regarder l\u2019infographie anim\u00e9e ci-dessous :[\/vc_column_text][\/vc_column_inner][\/vc_row_inner][vc_video link=&#8221;https:\/\/www.youtube.com\/watch?v=bGtF5z0gQrk&#8221; el_width=&#8221;70&#8243; align=&#8221;center&#8221;][vc_empty_space height=&#8221;40&#8243;][\/vc_column][\/vc_row][vc_row][vc_column][vc_text_separator title=&#8221;Organisateurs&#8221;][\/vc_column][\/vc_row][vc_row][vc_column width=&#8221;1\/2&#8243;][vc_empty_space height=&#8221;40px&#8221;][vc_empty_space height=&#8221;40px&#8221;][vc_single_image image=&#8221;4561&#8243; img_size=&#8221;medium&#8221; alignment=&#8221;center&#8221; onclick=&#8221;custom_link&#8221; link=&#8221;http:\/\/www.nice.fr\/fr\/contact\/&#8221;][\/vc_column][vc_column width=&#8221;1\/2&#8243;][vc_single_image image=&#8221;2465&#8243; img_size=&#8221;medium&#8221; alignment=&#8221;center&#8221; onclick=&#8221;custom_link&#8221; link=&#8221;http:\/\/efus.eu\/fr&#8221;][\/vc_column][\/vc_row][vc_row][vc_column width=&#8221;1\/2&#8243;][vc_column_text] Ville de Nice Nice est une commune du sud-est de la France, pr\u00e9fecture du d\u00e9partement des Alpes-Maritimes et deuxi\u00e8me ville de la r\u00e9gion Provence-Alpes-C\u00f4te d&#8217;Azur derri\u00e8re Marseille. Situ\u00e9e \u00e0 l&#8217;extr\u00eame sud-est de la France, \u00e0 une trentaine de kilom\u00e8tres de la fronti\u00e8re franco-italienne, elle est implant\u00e9e sur les bords de la M\u00e9diterran\u00e9e. Avec 342 637 habitants au dernier recensement de 2016, elle est la cinqui\u00e8me commune de France en population. Elle est situ\u00e9e au c\u0153ur de la septi\u00e8me agglom\u00e9ration fran\u00e7aise, avec 1 004 914 habitants en 2012. La ville est le centre de la M\u00e9tropole, Nice C\u00f4te d&#8217;Azur, qui regroupe quarante-neuf communes et 536 327 habitants. www.nice.fr[\/vc_column_text][\/vc_column][vc_column width=&#8221;1\/2&#8243;][vc_column_text] Forum europ\u00e9en pour la s\u00e9curit\u00e9 urbaine Cr\u00e9\u00e9 en 1987, le Forum europ\u00e9en pour la s\u00e9curit\u00e9 urbaine (Efus) est le seul r\u00e9seau europ\u00e9en de collectivit\u00e9s territoriales consacr\u00e9 \u00e0 la s\u00e9curit\u00e9 urbaine. Il rassemble pr\u00e8s de 250 villes et r\u00e9gions de 15 pays dans l\u2019objectif de : promouvoir une vision \u00e9quilibr\u00e9e de la s\u00e9curit\u00e9 urbaine, alliant pr\u00e9vention, sanction et coh\u00e9sion sociale ; soutenir les collectivit\u00e9s territoriales dans la conception, le d\u00e9ploiement et l\u2019\u00e9valuation de leur politique locale de s\u00e9curit\u00e9 ; Renforcer le r\u00f4le des collectivit\u00e9s territoriales dans la gouvernance nationale et europ\u00e9enne. Fort d\u2019un \u00e9cosyst\u00e8me d\u2019experts issus d\u2019universit\u00e9s, d\u2019institutions et d\u2019ONG, l\u2019Efus travaille sur l\u2019ensemble des th\u00e9matiques li\u00e9es \u00e0 la s\u00e9curit\u00e9 urbaine et \u00e0 la pr\u00e9vention de la d\u00e9linquance. Son expertise et son influence sont reconnues tant au niveau europ\u00e9en qu&#8217;international. www.efus.eu [\/vc_column_text][\/vc_column][\/vc_row]<\/p>\n","protected":false},"author":1,"featured_media":0,"parent":0,"menu_order":0,"comment_status":"closed","ping_status":"closed","template":"","meta":{"_acf_changed":false,"footnotes":""},"class_list":["post-2572","page","type-page","status-publish","hentry","entry","post-inner"],"acf":[],"_links":{"self":[{"href":"https:\/\/efus.eu\/efusconference2021\/wp-json\/wp\/v2\/pages\/2572","targetHints":{"allow":["GET"]}}],"collection":[{"href":"https:\/\/efus.eu\/efusconference2021\/wp-json\/wp\/v2\/pages"}],"about":[{"href":"https:\/\/efus.eu\/efusconference2021\/wp-json\/wp\/v2\/types\/page"}],"author":[{"embeddable":true,"href":"https:\/\/efus.eu\/efusconference2021\/wp-json\/wp\/v2\/users\/1"}],"replies":[{"embeddable":true,"href":"https:\/\/efus.eu\/efusconference2021\/wp-json\/wp\/v2\/comments?post=2572"}],"version-history":[{"count":9,"href":"https:\/\/efus.eu\/efusconference2021\/wp-json\/wp\/v2\/pages\/2572\/revisions"}],"predecessor-version":[{"id":5975,"href":"https:\/\/efus.eu\/efusconference2021\/wp-json\/wp\/v2\/pages\/2572\/revisions\/5975"}],"wp:attachment":[{"href":"https:\/\/efus.eu\/efusconference2021\/wp-json\/wp\/v2\/media?parent=2572"}],"curies":[{"name":"wp","href":"https:\/\/api.w.org\/{rel}","templated":true}]}}